. Let s be p(w). Is (-1736)/(-1) + 4 + s a composite number?
False
Let t = -91406 + 52471. Let z = 54894 + t. Is z composite?
False
Suppose -4*y + 32 = 12. Suppose -y*m = 5*s - 7582 + 3187, 4*s + 2623 = 3*m. Is m a prime number?
True
Let y(c) = 63*c**2 - c - 1. Suppose -30 = 5*d - 4*b, 2*d + b - 7 = 3*d. Is y(d) prime?
False
Let x(p) be the third derivative of 77*p**6/120 - 3*p**4/8 + 5*p**3/3 + 70*p**2. Is x(3) a prime number?
False
Suppose 1797 = 2*y - 3*y. Let i be 4 + -1 + (-8 - y). Suppose 0 = 8*t + i - 4968. Is t a prime number?
True
Let q(g) = g**3 + 2*g + 2890. Let r(j) = j**3 + 3*j + 2891. Let y(x) = -3*q(x) + 2*r(x). Let a be y(0). Let b = a + 4327. Is b composite?
False
Let d(o) = 6029*o**3 - 4*o**2 + 21*o + 17. Is d(5) composite?
False
Let x = 198126 + -91420. Is x a prime number?
False
Let x(d) = -272*d**3 - 44*d**2 - 917*d + 11. Is x(-24) a composite number?
False
Suppose -13*s + 152244 + 132339 = 0. Is s a prime number?
False
Suppose -s + 10 + 6 = -b, -4*b - 4*s = 48. Let k(m) = 13*m**2 - 24*m + 13. Is k(b) prime?
True
Let c(a) = -40*a**3 + 3*a**2 - 2*a + 5. Let x be c(-5). Let w = 3526 - x. Let j = -1117 - w. Is j prime?
False
Let d(l) be the second derivative of l**4/12 - 4*l**3 + l**2 - 27*l. Let c be d(24). Suppose 3*b - 1030 = -2*b + 5*o, -b + 209 = -c*o. Is b composite?
True
Let j(p) = 140*p**3 + 6*p**2 + 3*p + 1. Let g be j(-2). Let f = -302 - g. Is f a prime number?
False
Let c(o) = -o + 111 - 228 - 20*o**3 + 2*o**2 + 113. Is c(-3) composite?
False
Suppose 43*n = 61*n - 599814. Is n composite?
True
Let p = 3689 + -5348. Let c be (-26116)/(-10) - (-4)/10. Let s = p + c. Is s composite?
False
Suppose 0 = 4*w + 45 - 77. Is w/(-14) - 4715/(-7) a prime number?
True
Suppose 3*c = -17 + 5. Let p be c - (-169 - (-2 - 1)). Let x = p + -59. Is x composite?
False
Suppose -4*d = -32*o + 31*o + 9, -3*o + 4*d + 11 = 0. Is (48293/14)/(o/2) composite?
False
Let c(b) = 304*b**2 - 105*b + 732. Is c(25) composite?
False
Let v = 31 - 10. Suppose -7*a + 14 = -v. Suppose -7*q + 2129 = -a*q - 3*u, 3*u - 9 = 0. Is q composite?
False
Suppose 2*z = 3*m - 5861 + 59033, 4*z = -5*m + 106322. Is z prime?
False
Suppose 20 = 4*p + 2*y, 2*y = 2*p - 0*y - 10. Suppose 3*h - 1250 = -p*n, -4*n - h = -9*n + 1270. Is n a prime number?
False
Let p be 1/3 - (-40)/15. Suppose 0 = -6*c - p*c + 9630. Is c*((-4)/(-12))/(2/3) a prime number?
False
Suppose -2*f = h - 36616, -3*h + 75763 + 34091 = 4*f. Is h prime?
False
Suppose 3*m + 5*x = 22256, 0*m + 22296 = 3*m - 3*x. Is m prime?
False
Let i(m) = 4*m**2 + 53*m - 52. Let b be i(1). Suppose -4*x - f = -6*x + 108, 4*f = -b*x + 257. Is x composite?
False
Suppose -1540*u = -1545*u + 333485. Is u prime?
True
Let m(y) = 4*y + 83. Let j be m(-17). Suppose -j*q + 1763 = -2182. Is q a prime number?
True
Let v(d) be the second derivative of 361*d**3/3 - 23*d**2/2 + 2*d - 26. Is v(12) a prime number?
True
Is (-1743646)/(-26) + (-304)/988 composite?
True
Let f = 22887 + -2144. Is f a prime number?
True
Is (2 - 2040402/56)/(5/(-8)) composite?
True
Suppose 20*o = 16*o + 5*c + 13, 5*c = o - 7. Suppose 6214 = h - k, -o*h = -7*h + 3*k + 31064. Is h a prime number?
True
Suppose -2 = d, 5*d + 36280 = 2*q + 7358. Let u = q + -5689. Is u composite?
True
Let u(p) = -410*p**3 - 3*p - 2. Let l be u(-1). Let g = l - 245. Let s = 263 - g. Is s a composite number?
False
Let w(q) = q**3 - 4*q**2 + 3. Let u be w(4). Suppose -2*g + u*x - 439 = -4*g, -4*x - 12 = 0. Suppose -m + 3*p + g = m, -362 = -3*m - 2*p. Is m composite?
True
Let g(y) = -10*y**3 - 192*y**2 - 52*y - 77. Is g(-45) a prime number?
False
Let t(s) = 871*s**2 + 120*s - 50. Is t(7) a prime number?
False
Suppose -4*m + 611630 = 3*i, -2*i + 1090 - 1094 = 0. Is m a composite number?
False
Is (8 - 436618)*6/(-60) prime?
True
Suppose 4 = -u + 6. Let k = -26114 + -19333. Is (-1)/(12/k) + u/(-8) composite?
True
Let u be 5864/168 - (-2)/21. Suppose -51*h + 82064 = -u*h. Is h a composite number?
True
Suppose z = -5*m + 172886, -46*z + 42*z - 2*m = -691562. Is z composite?
True
Suppose 29890 = 21*p - 14*p. Let d = 8463 - p. Is d prime?
False
Suppose 2*o = 5*d - 117, -4*o = 3*d - 6*o - 71. Suppose -d*b = -40057 - 73632. Is b composite?
False
Suppose 2*z - 67301 = -5*m, 2*z - 4*m + 6*m = 67292. Is z composite?
True
Let o(z) = z**3 - 8*z**2 - 10*z + 6. Let y be o(9). Let a = -18 - y. Is a/20 + 2807/4 prime?
True
Let h(k) = 11024*k - 1355. Is h(5) composite?
True
Suppose -99*k + 5*l - 335490 = -104*k, -3*l - 201324 = -3*k. Is k a prime number?
True
Let d(z) = -356*z - 33 - 2115*z + 99*z. Is d(-2) composite?
True
Let z = -145949 - -282138. Is z prime?
True
Let w = 2347 + -1388. Suppose 0 = l - 4*l + y + w, 0 = 4*y + 8. Is l composite?
True
Suppose 5 = -5*s - 5*t, 33*t = 5*s + 36*t + 3. Suppose 437*p - 438*p + 16381 = s. Is p a composite number?
False
Let d be 9506*(-6)/(-4)*9/(-27). Let i = d + 8994. Is i prime?
True
Let d(u) = -50*u**3 + 57*u**2 - 24*u - 29. Is d(-8) composite?
False
Suppose -5*o + 4*s + 0*s = -64071, -o + 3*s + 12812 = 0. Suppose 0*p = -5*p + o. Let r = p - 1124. Is r a prime number?
True
Let u = 90 + -100. Let v(p) = 6*p**2 - 4*p + 7. Let s be v(u). Let k = 954 - s. Is k a prime number?
True
Let t = 134289 + -50476. Is t a composite number?
False
Is -1*(-9)/(-9) + 5 + 234427 prime?
True
Suppose 5*a = -3*a - 32. Let n be a/(-8)*27350/5. Suppose 7*v + n = 12*v. Is v a composite number?
False
Let b = 6862 + -2175. Suppose 2*s + 545 = t + 3665, -b = -3*s + 5*t. Is s composite?
False
Suppose -4*g - 3*f = -167308, -30*g - 3*f = -25*g - 209135. Is g composite?
True
Let s = -7777 - -115980. Is s composite?
False
Let j be (-4)/6 - 1605/9. Let w = 881 + j. Suppose -z - 1057 = -4*z - 4*l, -2*l = 2*z - w. Is z a prime number?
True
Let u(p) be the first derivative of 7*p**4/12 + 5*p**3/3 + 17*p**2 + p - 10. Let x(h) be the first derivative of u(h). Is x(-15) a prime number?
True
Let i be -2 + (-55)/(-3) + 3/(-9). Suppose 4*f + i = -0. Let s(h) = 35*h**2 - 3*h + 1. Is s(f) composite?
True
Let k be (-16)/(-9) - 26/(-117). Suppose k = -m - 1. Is (16 - m)*(-44)/(-12)*3 composite?
True
Let k(c) = 85*c**2 + c + 5. Let y be k(3). Let w = 506 - y. Is (41/(-2))/((-3)/w)*-2 composite?
True
Suppose 5*b - 4503 = 60217. Suppose -b = -14*f - 3606. Is f prime?
False
Let g(l) = -l**3 - 2*l**2 + 3*l + 7. Let v be g(-2). Is v/(2/7 + 3702/(-13006)) prime?
True
Let h be (189/(-14))/(-9)*(-48038)/3. Let c = h - -48676. Is c a composite number?
True
Let b(v) = 7407*v - 201. Is b(2) a prime number?
False
Let m(n) = 111418*n**2 + 10*n + 9. Is m(-1) a prime number?
False
Let o(b) = -2*b**2. Let y be o(0). Suppose 0 = r - 3, -2*p + 4451 = -y*r - r. Is p a prime number?
False
Let s = -32 - -36. Let l(j) = j + 5. Let k be l(s). Suppose k*p - 6425 = 4*p. Is p prime?
False
Suppose 5*n - 8252 = -2432. Suppose -213*d = -247*d - 5270. Let k = d + n. Is k a prime number?
True
Suppose -2*s - 2*w = -950, s = 3*s + 5*w - 938. Is s a composite number?
False
Let b be 84/70*40/6. Let r = b + -5. Suppose r*q = -4*s + 2546, 5*q = 3 + 7. Is s prime?
False
Let i = 28896 + -4259. Let q = 43534 - i. Is q composite?
True
Let l(b) = 14551*b**2 + 4*b + 10. Is l(-3) a prime number?
True
Let w(j) = -3*j**2 - 34*j + 27. Let m be w(-12). Suppose -3*i + 3*o - 1488 = -6*i, -i + 476 = -m*o. Is i a prime number?
True
Let r(f) = -25 + 134 - 2500*f + 27 + 175. Is r(-5) a prime number?
False
Suppose -2*m + 52462 = -4*g + 16756, 2*g = 3*m - 53575. Suppose 2*x - 7057 - m = 0. Is x a prime number?
False
Suppose -13*z = -154200 + 88253 - 2098618. Is z a prime number?
False
Suppose -3*z - 8136 = -b + 46130, 0 = -5*b + 2*z + 271265. Is b composite?
False
Suppose -4*q - f = 62692 - 394441, -q + 5*f + 82974 = 0. Is q a composite number?
False
Suppose -10*t - 33 + 123 = 0. Let z(u) = -1 + 10*u**2 + 3 + t*u - 3 - 2*u**2. Is z(-10) composite?
False
Is (-9 - (-2 - -324))/(-2 - (-783)/393) a composite number?
True
Suppose -3*n - d = -17, 0 = -0*d - d + 2. Suppose 2*a + n*g = 6438, 5 + 5 = 5*g. Is a prime?
False
Let j = -12791 - -26910. Let z = 30477 - j. Is z a prime number?
False
Let k = 15333 + -10444. Let d = -10185 + k. Let a = -3563 - d. Is a prime?
True
Let o(v) = -4*v - 26. Let z be o(-7). Suppose -5226 = 3*d + z*j, 5*j - 2*j + 1749 = -d. Let m = 905